
What is the remainder when 60119 is divided by 9442?
3467
What is the remainder when 508239 is divided by 253631?
977
Calculate the remainder when 1856141 is divided by 168740.
1
What is the remainder when 106852 is divided by 218?
32
Calculate the remainder when 42055 is divided by 21009.
37
Calculate the remainder when 18029093 is divided by 9014546.
1
What is the remainder when 2810227 is divided by 6109?
87
What is the remainder when 386329 is divided by 15434?
479
What is the remainder when 4114402 is divided by 1634?
1624
What is the remainder when 47079652 is divided by 239?
237
What is the remainder when 13166084 is divided by 75?
59
What is the remainder when 23609770 is divided by 756?
646
What is the remainder when 1439759 is divided by 1332?
1199
What is the remainder when 353255 is divided by 23?
21
Calculate the remainder when 79142 is divided by 1204.
882
What is the remainder when 596497 is divided by 1067?
44
Calculate the remainder when 4516171 is divided by 631.
104
Calculate the remainder when 20826 is divided by 9955.
916
Calculate the remainder when 138856 is divided by 138353.
503
Calculate the remainder when 150749 is divided by 15068.
69
What is the remainder when 325942 is divided by 713?
101
Calculate the remainder when 208320 is divided by 2216.
16
What is the remainder when 11096022 is divided by 65?
2
Calculate the remainder when 19613838 is divided by 6537922.
72
What is the remainder when 161404 is divided by 2278?
1944
Calculate the remainder when 5679620 is divided by 33021.
8
What is the remainder when 495471 is divided by 165084?
219
What is the remainder when 252804 is divided by 152?
28
What is the remainder when 22592798 is divided by 1129637?
58
Calculate the remainder when 11694071 is divided by 74.
73
What is the remainder when 4143048 is divided by 27993?
84
Calculate the remainder when 38492 is divided by 840.
692
Calculate the remainder when 1162054 is divided by 767.
49
What is the remainder when 140418 is divided by 1154?
784
Calculate the remainder when 566134 is divided by 40377.
856
What is the remainder when 5602308 is divided by 127?
84
What is the remainder when 19603 is divided by 19315?
288
Calculate the remainder when 3565713 is divided by 357.
354
What is the remainder when 2368322 is divided by 236832?
2
What is the remainder when 1435683 is divided by 95712?
3
What is the remainder when 991678 is divided by 1790?
18
What is the remainder when 1244504 is divided by 124437?
134
Calculate the remainder when 5829718 is divided by 431.
12
What is the remainder when 117820 is divided by 293?
34
Calculate the remainder when 164096059 is divided by 3201.
3196
Calculate the remainder when 1185037 is divided by 592511.
15
What is the remainder when 49570297 is divided by 3098143?
9
What is the remainder when 29326867 is divided by 835?
832
Calculate the remainder when 2325010 is divided by 82.
64
Calculate the remainder when 211657 is divided by 52908.
25
What is the remainder when 18552099 is divided by 35?
34
Calculate the remainder when 5982908 is divided by 210.
8
Calculate the remainder when 1012395 is divided by 104.
59
What is the remainder when 19698 is divided by 19692?
6
What is the remainder when 172639 is divided by 215?
209
What is the remainder when 1308118 is divided by 653161?
1796
Calculate the remainder when 61205 is divided by 931.
690
Calculate the remainder when 363636 is divided by 121193.
57
What is the remainder when 158395 is divided by 2937?
2734
Calculate the remainder when 9331389 is divided by 1113.
1110
Calculate the remainder when 5633146 is divided by 168.
106
Calculate the remainder when 4257287 is divided by 3054.
11
What is the remainder when 50123691 is divided by 755?
751
What is the remainder when 1021465 is divided by 431?
426
What is the remainder when 1188373 is divided by 132040?
13
What is the remainder when 2121230 is divided by 35953?
3
What is the remainder when 1022126 is divided by 369?
365
What is the remainder when 1208983 is divided by 1469?
1465
What is the remainder when 6397642 is divided by 377?
329
What is the remainder when 1699755 is divided by 24?
3
What is the remainder when 29444 is divided by 22863?
6581
What is the remainder when 20252 is divided by 573?
197
What is the remainder when 553907 is divided by 339?
320
Calculate the remainder when 10337645 is divided by 100.
45
Calculate the remainder when 27880 is divided by 2330.
2250
Calculate the remainder when 81255149 is divided by 3007.
3002
What is the remainder when 9522 is divided by 2438?
2208
What is the remainder when 46039560 is divided by 1587571?
1
Calculate the remainder when 220208 is divided by 281.
185
What is the remainder when 11158 is divided by 5407?
344
Calculate the remainder when 1709771 is divided by 427202.
963
What is the remainder when 64001181 is divided by 1488399?
24
Calculate the remainder when 2537399 is divided by 59009.
12
Calculate the remainder when 106183 is divided by 1362.
1309
Calculate the remainder when 21842 is divided by 1793.
326
Calculate the remainder when 4085371 is divided by 55.
26
Calculate the remainder when 2001074 is divided by 1731.
38
Calculate the remainder when 27714 is divided by 6916.
50
Calculate the remainder when 8137378 is divided by 2614.
2610
What is the remainder when 39718299 is divided by 1803?
12
What is the remainder when 2020659 is divided by 64?
51
Calculate the remainder when 5790476 is divided by 1380.
1376
Calculate the remainder when 1056887 is divided by 5082.
4913
Calculate the remainder when 1939 is divided by 817.
305
Calculate the remainder when 3223666 is divided by 315.
271
What is the remainder when 37349005 is divided by 2204?
21
What is the remainder when 50041 is divided by 2967?
2569
Calculate the remainder when 26200947 is divided by 32.
19
Calculate the remainder when 1902248 is divided by 1210.
128
What is the remainder when 1308203 is divided by 58?
13
What is the remainder when 493880 is divided by 9304?
768
What is the remainder when 1465373 is divided by 113?
102
What is the remainder when 225121 is divided by 999?
346
Calculate the remainder when 7481 is divided by 3501.
479
What is the remainder when 1836496 is divided by 19130?
16
What is the remainder when 405388 is divided by 7818?
6670
What is the remainder when 745943 is divided by 224?
23
What is the remainder when 102960205 is divided by 17567?
18
What is the remainder when 27999812 is divided by 1866654?
2
What is the remainder when 14954616 is divided by 118?
4
What is the remainder when 4976286 is divided by 79?
76
What is the remainder when 22360 is divided by 972?
4
What is the remainder when 385249819 is divided by 118?
115
Calculate the remainder when 15310054 is divided by 15310047.
7
What is the remainder when 50528 is divided by 8288?
800
What is the remainder when 1157785 is divided by 3356?
3321
What is the remainder when 129310 is divided by 16157?
54
What is the remainder when 9034365 is divided by 752862?
21
Calculate the remainder when 1658871 is divided by 4221.
18
Calculate the remainder when 494046 is divided by 245578.
2890
Calculate the remainder when 1924350 is divided by 966.
78
Calculate the remainder when 72291932 is divided by 24097307.
11
What is the remainder when 190828 is divided by 17330?
198
What is the remainder when 3264908 is divided by 13718?
24
What is the remainder when 3352343 is divided by 220?
203
Calculate the remainder when 7911508 is divided by 34.
14
Calculate the remainder when 12942 is divided by 2266.
1612
Calculate the remainder when 106406 is divided by 1419.
1400
What is the remainder when 2610206 is divided by 32?
30
What is the remainder when 314093 is divided by 762?
149
What is the remainder when 1057866 is divided by 2356?
22
What is the remainder when 351930 is divided by 175954?
22
What is the remainder when 65229 is divided by 4533?
1767
What is the remainder when 467060 is divided by 155640?
140
Calculate the remainder when 572179930 is divided by 871.
868
What is the remainder when 144159 is divided by 34361?
6715
Calculate the remainder when 408933446 is divided by 1417.
1416
What is the remainder when 19162020 is divided by 2000?
20
Calculate the remainder when 15